{"id":169,"date":"2020-01-01T21:27:31","date_gmt":"2020-01-01T20:27:31","guid":{"rendered":"http:\/\/127.0.0.1\/wordpress\/?page_id=169"},"modified":"2020-01-02T19:46:18","modified_gmt":"2020-01-02T18:46:18","slug":"datenschutzerklaerung","status":"publish","type":"page","link":"https:\/\/www.og-ffm-praunheim.de\/?page_id=169","title":{"rendered":"Datenschutz"},"content":{"rendered":"\n<p><strong>Allgemeiner Hinweis und Pflichtinformationen<\/strong><br><strong>Benennung der verantwortlichen Stelle<\/strong><br>Die verantwortliche Stelle f\u00fcr die Datenverarbeitung auf dieser Website ist:<br>SV OG Frankfurt-Praunheim e.V.<br>Birgit Sauerbrey (1. Vorsitzende)<br>Niedwiesenstra\u00dfe<br>60439&nbsp;Frankfurt<\/p>\n\n\n\n<p>Die\n verantwortliche Stelle entscheidet allein oder gemeinsam mit anderen \n\u00fcber die Zwecke und Mittel der Verarbeitung von personenbezogenen Daten \n(z.B. Namen, Kontaktdaten o. \u00c4.).<br><strong>Widerruf Ihrer Einwilligung zur Datenverarbeitung<\/strong><br>Nur\n mit Ihrer ausdr\u00fccklichen Einwilligung sind einige Vorg\u00e4nge der \nDatenverarbeitung m\u00f6glich. Ein Widerruf Ihrer bereits erteilten \nEinwilligung ist jederzeit m\u00f6glich. F\u00fcr den Widerruf gen\u00fcgt eine \nformlose Mitteilung per E-Mail. Die Rechtm\u00e4\u00dfigkeit der bis zum Widerruf \nerfolgten Datenverarbeitung bleibt vom Widerruf unber\u00fchrt.<br><strong>Recht auf Beschwerde bei der zust\u00e4ndigen Aufsichtsbeh\u00f6rde<\/strong><br>Als\n Betroffener steht Ihnen im Falle eines datenschutzrechtlichen Versto\u00dfes\n ein Beschwerderecht bei der zust\u00e4ndigen Aufsichtsbeh\u00f6rde zu. Zust\u00e4ndige\n Aufsichtsbeh\u00f6rde bez\u00fcglich datenschutzrechtlicher Fragen ist der \nLandesdatenschutzbeauftragte des Bundeslandes, in dem sich der Sitz \nunseres Unternehmens befindet. Der folgende Link stellt eine Liste der \nDatenschutzbeauftragten sowie deren Kontaktdaten bereit:&nbsp;<a href=\"https:\/\/www.bfdi.bund.de\/DE\/Infothek\/Anschriften_Links\/anschriften_links-node.html\" target=\"_blank\" rel=\"noreferrer noopener\">https:\/\/www.bfdi.bund.de\/DE\/Infothek\/Anschriften_Links\/anschriften_links-node.html<\/a>.<br><strong>Recht auf Daten\u00fcbertragbarkeit<\/strong><br>Ihnen\n steht das Recht zu, Daten, die wir auf Grundlage Ihrer Einwilligung \noder in Erf\u00fcllung eines Vertrags automatisiert verarbeiten, an sich oder\n an Dritte aush\u00e4ndigen zu lassen. Die Bereitstellung erfolgt in einem \nmaschinenlesbaren Format. Sofern Sie die direkte \u00dcbertragung der Daten \nan einen anderen Verantwortlichen verlangen, erfolgt dies nur, soweit es\n technisch machbar ist.<br><strong>Recht auf Auskunft, Berichtigung, Sperrung, L\u00f6schung<\/strong><br>Sie\n haben jederzeit im Rahmen der geltenden gesetzlichen Bestimmungen das \nRecht auf unentgeltliche Auskunft \u00fcber Ihre gespeicherten \npersonenbezogenen Daten, Herkunft der Daten, deren Empf\u00e4nger und den \nZweck der Datenverarbeitung und ggf. ein Recht auf Berichtigung, \nSperrung oder L\u00f6schung dieser Daten. Diesbez\u00fcglich und auch zu weiteren \nFragen zum Thema personenbezogene Daten k\u00f6nnen Sie sich jederzeit \u00fcber \ndie im Impressum aufgef\u00fchrten Kontaktm\u00f6glichkeiten an uns wenden.<br><strong>SSL- bzw. TLS-Verschl\u00fcsselung<\/strong><br>Aus\n Sicherheitsgr\u00fcnden und zum Schutz der \u00dcbertragung vertraulicher \nInhalte, die Sie an uns als Seitenbetreiber senden, nutzt unsere Website\n eine SSL-bzw. TLS-Verschl\u00fcsselung. Damit sind Daten, die Sie \u00fcber diese\n Website \u00fcbermitteln, f\u00fcr Dritte nicht mitlesbar. Sie erkennen eine \nverschl\u00fcsselte Verbindung an der \u201ehttps:\/\/\u201c Adresszeile Ihres Browsers \nund am Schloss-Symbol in der Browserzeile.<br><strong>Kontaktformular<\/strong><br>Per\n Kontaktformular \u00fcbermittelte Daten werden einschlie\u00dflich Ihrer \nKontaktdaten gespeichert, um Ihre Anfrage bearbeiten zu k\u00f6nnen oder um \nf\u00fcr Anschlussfragen bereitzustehen. Eine Weitergabe dieser Daten findet \nohne Ihre Einwilligung nicht statt.<br>Die Verarbeitung der\n in das Kontaktformular eingegebenen Daten erfolgt ausschlie\u00dflich auf \nGrundlage Ihrer Einwilligung (Art. 6 Abs. 1 lit. a DSGVO). Ein Widerruf \nIhrer bereits erteilten Einwilligung ist jederzeit m\u00f6glich. F\u00fcr den \nWiderruf gen\u00fcgt eine formlose Mitteilung per E-Mail. Die Rechtm\u00e4\u00dfigkeit \nder bis zum Widerruf erfolgten Datenverarbeitungsvorg\u00e4nge bleibt vom \nWiderruf unber\u00fchrt.<br>\u00dcber das Kontaktformular \n\u00fcbermittelte Daten verbleiben bei uns, bis Sie uns zur L\u00f6schung \nauffordern, Ihre Einwilligung zur Speicherung widerrufen oder keine \nNotwendigkeit der Datenspeicherung mehr besteht. Zwingende gesetzliche \nBestimmungen &#8211; insbesondere Aufbewahrungsfristen &#8211; bleiben unber\u00fchrt.<br><strong>Cookies<\/strong><br>Unsere\n Website verwendet Cookies. Das sind kleine Textdateien, die Ihr \nWebbrowser auf Ihrem Endger\u00e4t speichert. Cookies helfen uns dabei, unser\n Angebot nutzerfreundlicher, effektiver und sicherer zu machen.&nbsp;<br>Einige\n Cookies sind \u201cSession-Cookies.\u201d Solche Cookies werden nach Ende Ihrer \nBrowser-Sitzung von selbst gel\u00f6scht. Hingegen bleiben andere Cookies auf\n Ihrem Endger\u00e4t bestehen, bis Sie diese selbst l\u00f6schen. Solche Cookies \nhelfen uns, Sie bei R\u00fcckkehr auf unserer Website wiederzuerkennen.<br>Mit\n einem modernen Webbrowser k\u00f6nnen Sie das Setzen von Cookies \u00fcberwachen,\n einschr\u00e4nken oder unterbinden. Viele Webbrowser lassen sich so \nkonfigurieren, dass Cookies mit dem Schlie\u00dfen des Programms von selbst \ngel\u00f6scht werden. Die Deaktivierung von Cookies kann eine eingeschr\u00e4nkte \nFunktionalit\u00e4t unserer Website zur Folge haben.<br>Das \nSetzen von Cookies, die zur Aus\u00fcbung elektronischer \nKommunikationsvorg\u00e4nge oder der Bereitstellung bestimmter, von Ihnen \nerw\u00fcnschter Funktionen (z.B. Warenkorb) notwendig sind, erfolgt auf \nGrundlage von Art. 6 Abs. 1 lit. f DSGVO. Als Betreiber dieser Website \nhaben wir ein berechtigtes Interesse an der Speicherung von Cookies zur \ntechnisch fehlerfreien und reibungslosen Bereitstellung unserer Dienste.\n Sofern die Setzung anderer Cookies (z.B. f\u00fcr Analyse-Funktionen) \nerfolgt, werden diese in dieser Datenschutzerkl\u00e4rung separat behandelt.<br>Quelle: Datenschutz-Konfigurator von&nbsp;<a href=\"http:\/\/www.mein-datenschutzbeauftragter.de\/\" target=\"_blank\" rel=\"noreferrer noopener\">mein-datenschutzbeauftragter.de<\/a><\/p>\n","protected":false},"excerpt":{"rendered":"<p>Allgemeiner Hinweis und PflichtinformationenBenennung der verantwortlichen StelleDie verantwortliche Stelle f\u00fcr die Datenverarbeitung auf dieser Website ist:SV OG Frankfurt-Praunheim e.V.Birgit Sauerbrey (1. Vorsitzende)Niedwiesenstra\u00dfe60439&nbsp;Frankfurt Die verantwortliche Stelle entscheidet allein oder gemeinsam mit anderen \u00fcber die Zwecke und Mittel der Verarbeitung von personenbezogenen Daten (z.B. Namen, Kontaktdaten o. \u00c4.).Widerruf Ihrer Einwilligung zur DatenverarbeitungNur mit Ihrer ausdr\u00fccklichen Einwilligung sind &hellip; <\/p>\n<p class=\"link-more\"><a href=\"https:\/\/www.og-ffm-praunheim.de\/?page_id=169\" class=\"more-link\"><span class=\"screen-reader-text\">\u201eDatenschutz\u201c <\/span>weiterlesen<\/a><\/p>\n","protected":false},"author":1,"featured_media":0,"parent":0,"menu_order":0,"comment_status":"closed","ping_status":"closed","template":"","meta":{"_mc_calendar":[],"footnotes":""},"class_list":["post-169","page","type-page","status-publish","hentry"],"_links":{"self":[{"href":"https:\/\/www.og-ffm-praunheim.de\/index.php?rest_route=\/wp\/v2\/pages\/169","targetHints":{"allow":["GET"]}}],"collection":[{"href":"https:\/\/www.og-ffm-praunheim.de\/index.php?rest_route=\/wp\/v2\/pages"}],"about":[{"href":"https:\/\/www.og-ffm-praunheim.de\/index.php?rest_route=\/wp\/v2\/types\/page"}],"author":[{"embeddable":true,"href":"https:\/\/www.og-ffm-praunheim.de\/index.php?rest_route=\/wp\/v2\/users\/1"}],"replies":[{"embeddable":true,"href":"https:\/\/www.og-ffm-praunheim.de\/index.php?rest_route=%2Fwp%2Fv2%2Fcomments&post=169"}],"version-history":[{"count":1,"href":"https:\/\/www.og-ffm-praunheim.de\/index.php?rest_route=\/wp\/v2\/pages\/169\/revisions"}],"predecessor-version":[{"id":204,"href":"https:\/\/www.og-ffm-praunheim.de\/index.php?rest_route=\/wp\/v2\/pages\/169\/revisions\/204"}],"wp:attachment":[{"href":"https:\/\/www.og-ffm-praunheim.de\/index.php?rest_route=%2Fwp%2Fv2%2Fmedia&parent=169"}],"curies":[{"name":"wp","href":"https:\/\/api.w.org\/{rel}","templated":true}]}}